76 - (3 - -13)?
-1
What is the value of -5 + 4 + -6 + (-7 - 1)?
-15
Evaluate -12 + (16 + 9 - 14) - (-22 - 2).
23
Calculate -2 - -2 - (8 + (-13 - -10)).
-5
Evaluate -5 + 5 - (4 - 16) - -13.
25
What is -41 - -8 - -9 - -15?
-9
What is -6 - (-6 - -2) - (52 + -46)?
-8
Evaluate (16 - 8 - -16) + -7.
17
Calculate (11 - -6) + (44 - 78) + 39.
22
Calculate -15 - -20 - (2 - 1 - 6).
10
What is the value of -31 + 16 - -3 - -7?
-5
Calculate 4 - 14 - (-7 + 1 - 6).
2
2 + 21 + (-39 - -35)
19
What is the value of -18 - -2 - (10 + 31 - 52)?
-5
What is the value of (16 + -21 - (-4 - 4)) + -4?
-1
What is 5 + (-7 + -4 + 6 - -10)?
10
Evaluate (-2 - (-1 + 5 + -3)) + 8 + -7.
-2
(5 - 6) + -4 + (-7 - -11 - -3)
2
5 - (48 + -40 + (-1 - 19))
17
Calculate -3 + (3 - (13 + -20)).
7
What is the value of 19 + -8 - 44 - -37?
4
Evaluate -8 + (-12 - (9 + -12) - -11).
-6
What is the value of 15 + (-2 - -3 - -3) - 3?
16
What is the value of -4 + -15 + 0 + (-36 - -41)?
-14
Calculate (-30 - 5) + 122 + -106.
-19
What is the value of 13 - (5 + 17) - -18 - 5?
4
What is 12 - (-3 - (14 + 1))?
30
What is (4 - 14) + -3 + 28?
15
Calculate 17 + -7 - (-5 - (3 + -16)).
2
What is 24 + (-9 - 10) - 4 - -10?
11
Calculate -1 + 16 - (43 - 32) - (-9 + 10).
3
-14 + (0 - 0) + (31 - (-21 + 46))
-8
4 + -22 - (-2 - -3 - (-48 + 46))
-21
What is -3 + 20 + (-4 - 0) + 2 + 0?
15
Evaluate (-20 - 0) + (-398 - -406).
-12
What is the value of -6 + 6 + (-1 - 2) + 4?
1
What is -8 + (-2 + 4 - 12) + 16?
-2
What is (28 - ((-10 - -2) + -1 - -18)) + 5?
24
Evaluate 241 - 230 - (-1 - (7 + 2 + -2)).
19
Calculate 6 + (0 - ((2 - 7) + -3)).
14
Calculate -2 + 0 + (1 - 6) - (-3 - -6).
-10
What is (1 - (-20 + (0 - -1))) + 112 + -117?
15
Calculate (11 - -5 - 4) + (-1 - (-2 - -2)).
11
37 - (-34 + 70 - -3)
-2
(6 - 18) + 7 + 20
15
Evaluate (31 - -3) + -22 + 3.
15
9 + -8 + 15 + -7
9
What is the value of -26 + 30 + (3 - (-4 - (-3 - -1)))?
9
What is -9 + 2 - ((-4 - 6 - 11) + 8)?
6
What is the value of 81 - 85 - ((-2 - -1) + 2)?
-5
-26 + (5 - -34) - 11
2
-3 + (-3 - (-22 + -7)) + 1
24
Evaluate (-25 - -32) + 6 + -2 + 8.
19
Evaluate -6 - 3 - (8 + (-27 - -14)).
-4
(-7 - -30 - 63) + 22
-18
-4 - ((6 - 14) + 4)
0
What is 31 + -1 + (1047 - 1083)?
-6
(29 - -1) + (-501 - -482)
11
Evaluate (-3 + 0 - -6) + (-9 - -11) + 0.
5
Evaluate ((3 - 8) + -1 - -11) + 11.
16
What is the value of 4 - (-33 - (15 + -50))?
2
Evaluate 567 - 506 - (2 + 36).
23
Calculate 4 - -19 - 11 - (13 - 6).
5
-3 - (-6 + (11 - (4 + -6 + 1)))
-9
Evaluate (14 + 1 - 15) + -7 - -18.
11
What is the value of -3 - (8 + -13 - -17)?
-15
43 + 19 + -33 + -29
0
What is the value of -7 + -2 + 11 + 3 + 4 - 8?
1
Calculate 0 - (2 - (-35 - -13 - -8)).
-16
What is the value of 0 + 19 + (-123 - -95)?
-9
What is the value of -5 + ((-3 - -5) + 3 - 2) + -9?
-11
Evaluate 6 + -57 + 13 + 18.
-20
Calculate (-11 - -9) + -30 + 0 + 5 + -1.
-28
What is 14 + -40 - (-13 - -3)?
-16
Calculate (-1 - (5 + -8)) + -18 + 28.
12
What is -2 - (12 + 5 + -2 + 0)?
-17
What is the value of 5 + 22 + (4 + -5 - (7 - -1))?
18
Calculate -3 + 11 + (-34 - -25).
-1
Calculate -35 + (24 - 6) - -13.
-4
-61 + -23 + 29 - -21
-34
What is the value of 14 + (3 - 8) + (1 - (2 - 3))?
11
Calculate 0 + 4 - 15 - (-11 + 8 + -44).
36
What is the value of (-8 - (-15 - -1)) + 1 + 7?
14
What is the value of -10 - (0 - (1 - -1 - 4))?
-12
5 + 0 - (318 - 328)
15
What is the value of -8 + (9 - 3) + 1 - (-4 + 9)?
-6
Evaluate (24 - 27) + (1 - -2) + -3 + 7.
4
What is the value of -56 + 29 + 26 - (-19 - 1 - 0)?
19
3 - ((1 - 7) + 6 - 4)
7
Evaluate -3 + 11 + 12 + -34.
-14
What is the value of -20 - (33 + (-15 - 25))?
-13
What is the value of -25 + 18 + (0 - -1) - 1?
-7
What is 46 - 68 - (2 + (5 - 3))?
-26
Calculate -10 + (-11 - 0 - -10 - 2).
-13
(2 - -1) + -20 - (34 + (-14 - 8))
-29
What is the value of -19 + 22 + 25 + (-4 - 1) + -1?
22
What is the value of (-12 - -8) + 10 + 2?
8
-10 + -7 + 28 - (3 - 0)
8
What is the value of -12 + -1 + (-5 - 0 - -14 - 2)?
-6
What is the value of -3 - (2 + -5 - -2) - (-4 + 8)?
-6
Calculate (-11 - (-6 + -1)) + (6 - 6) + 14.
10
22 + (-22 - 4) + 19
15
3 + 3 + -5 + (5 + -12 - -4)
-2
Calculate -430 + 451 - (2 - (1 + -1)).
19
What is -7 + 0 + 68 + -69 + 26?
18
24 + ((-23 - -10) + 10 - -11)
32
Calculate (127 - 136) + (13 - 1 - (8 - 9)).
4
What is -27 + (9 + -7 - -30)?
5
Evaluate (1 - 6) + 38 - 1.
32
What is -45 + (-6 - -14 - 5) + (-33 - -43)?
-32
Calculate 63 - (53 + (21 - 43)).
32
What is the value of (16 - (-2 - -3)) + -4 - (51 - 61)?
21
(-17 - -24) + 9 + 2
18
-6 + 35 + -12 - 7
10
-14 + 11 + 5 - (-29 + 8)
23
Evaluate 0 + -1 + -25 + 21 - (-2 - 10).
7
Evaluate -2 + (0 - (-14 + -1)) + -10 + 4.
7
What is 0 - 8 - -6 - (4 + -10 + -1)?
5
What is the value of (38 - 26 - 3) + 0 + (5 - 2)?
12
Calculate 0 - ((6 - 22) + 4 + -6 + 0).
18
What is the value of (8 - 5) + -25 + -24 + 19?
-27
-17 + 4 - (-23 - 16 - 5)
31
Calculate 13 + (-35 - (1 + -19)) + (10 - -1).
7
Evaluate 10 + (6 + -19 - 0) + (2 - 6).
-7
Evaluate -109 - -79 - (-1 - 16).
-13
0 + 0 + (22 - 10 - 11) - -18
19
What is -38 + 4 - (25 + -5 + -29)?
-25
4 + (2 - 4) - (-11 + 12)
1
Calculate -3 + (-9 - (-26 + 19) - (2 - 1)).
-6
Evaluate -34 - (-24 + 14 + -34).
10
What is 3 + -15 + (-8 - -19)?
-1
Calculate (9 - 6) + 2 + -6 + -7 + 6.
-2
Calculate (-2 - 1 - 6) + (11 - 13).
-11
What is 8 + (-9 + 15 + -1 - 14)?
-1
Calculate (-14 - -34) + -24 - (16 + -1).
-19
Evaluate 6 + -6 + -22 - -7.
-15
What is -7 + (55 - 28) + -29?
-9
44 - ((-6 - -40) + -10)
20
What is the value of -1 - (-32 + 13 + -3)?
21
-11 - (-6 + -4) - (18 - 23)
4
What is (7 - (-8 - -9)) + -6 - (-16 - -3)?
13
Evaluate (5 - 8 - (-10 + -12)) + -6.
13
Evaluate 1 - (-4 + (-3 - -2 - -10)).
-4
Calculate (-102 - -92) + 17 + 2 + 1 + 4.
14
Calculate 2 + 13 + -19 + 5.
1
10 + (-21 - -11) - (0 + 2)
-2
Evaluate (-227 - -223) + 1 + 0 - 9.
-12
What is 12 + -9 + 17 + -15?
5
What is the value of (5 - 0) + (-19 - -12) - (6 - 16)?
8
Evaluate -7 - (17 + 7 + -12 - 5).
-14
What is -3 + (-2 - -5 - (10 - 3)) + 1?
-6
Calculate 6 - (7 + 11 + -3 - (1 + -5)).
-13
What is the value of -14 - ((19 - 8) + -10)?
-15
What is the value of 25 + -10 + (-2 - 4)?
9
What is the value of 6 + 20 + -11 + 6 + 0?
21
Evaluate -69 + 67 + (1 + -2 - 1) + 1.
-3
13 - (2 + -10 + 14 + -8)
15
Calculate -5 + (27 - 34 - (1 - 6) - -1).
-6
Calculate -17 - (17 + -26) - 2.
-10
What is the value of 1 - 3 - (-40 - (-152 - -83))?
-31
2 + 2 + (11 - 13 - -10)
12
(4 - 7) + 15 + (-12 - -12 - -3)
15
What is the value of (0 - -6) + (16 - 11) + (2 - 16)?
-3
What is the value of 0 - -21 - (98 - 84)?
7
What is (0 - (-6 - 2)) + (-177 - -166)?
-3
Evaluate -6 - 0 - 2 - (7 + (-2 - 8)).
-5
What is the value of (-50 - -35 - 2) + (-1 - 10)?
-28
-8 + 4 + (-10 - -10 - 6) - 6
-16
Evaluate 66 - 60 - (5 + 4 + -7).
4
11 - ((0 - -8) + 81 + -69 - -2)
-11
Calculate (1 - -4 - (-124 + 132)) + -6.
-9
(985 - 923) + (-30 - -2)
34
What is (-89 - -100) + (-17 - -2)?
-4
What is -21 + 9 + (1 - (-4 + 12))?
-19
Evaluate (-1 - -23) + 46 + -57.
11
9 - (0 + -2 - (-91 - -97))
17
Calculate 5 - (-6 - -15 - (11 - (15 + -11))).
3
What is the value of 1 + 11 + -3 - (52 + -34)?
-9
(-32 + 14 - -6 - 3) + 29
14
Evaluate (-6 - -10) + -6 + (-6 - -15).
7
What is (17 - 2) + -10 - (5 + 1)?
-1
What is the value of 20 - ((9 + -5 + -2 - -9) + -9)?
18
(-1 - 9) + 11 + -3 + -8
-10
Evaluate 5 + (-4 - (-3 - (-10 - -5) - -9)).
-10
Evaluate -6 + 12 + -4 + (-36 - -32).
-2
What is the value of (-13 + 13 - -23) + 6 + (-1 - 9)?
19
What is -2 + (2 + -1 - (51 - 50)) + -16?
-18
What is -7 + (0 - 1) + (-14 + 5 - -20)?
3
What is the value of -6 - (11 + -9) - ((22 - 1) + -2)?
-27
Calculate (1 + 1 - -1) + (42 - 54).
-9
Evaluate (22 - 14) + 7 + -37.
-22
What is the value of 67 + 45 + -46 + -36?
30
Evaluate 6 + 3 + -19 - -14.
4
Evaluate -5 + 31 - (22 - (3 - -12)).
19
What is (795 - 779) + (-22 - 1)?
-7
What is the value of -8 - 1 - (6 + -9 + 3)?
-9
Calculate 2 + 8 + (-4 - 0) + -3.
3
What is the value of 2 + 12 + -10 + 1 + 5 - -22?
32
Calculate 0 + -1 + 20 + (-4 + -5 - -3).
13
What is the value of (58 - (62 + -19)) + -13 + -1?
1
What is the value of 238 + -252 + (2 - -38)?
26
Evaluate (-5 - -5 - -2) + -10.
-8
2 - (11 + (-1 - 4))
-4
What is (-5 - 3) + -1 + (-93 - -102)?
0
Evaluate 4 - (11 - -9) - -12.
-4
What is the value of -12 + (11 - 3 - 10) + 16?
2
What is the value of -9